f 117 and 15065895.
39
What is the highest common factor of 74725420 and 60?
20
What is the greatest common factor of 696 and 109791564?
348
What is the highest common divisor of 2139858 and 72?
18
What is the highest common factor of 454464 and 165024?
864
Calculate the greatest common divisor of 716916850 and 13626.
1514
What is the highest common divisor of 149 and 105424354?
149
What is the highest common divisor of 77837 and 87391?
281
Calculate the greatest common divisor of 4697 and 168276735.
671
What is the greatest common divisor of 530129054 and 20111?
1547
What is the highest common factor of 19236240 and 144?
144
What is the highest common factor of 69008 and 18416?
16
Calculate the highest common factor of 32 and 87938.
2
Calculate the highest common factor of 145 and 3833790.
5
What is the greatest common divisor of 60665 and 13805?
55
Calculate the greatest common factor of 10 and 2975215.
5
What is the highest common divisor of 24 and 25297212?
12
What is the greatest common divisor of 407074 and 8214?
74
Calculate the greatest common factor of 80288 and 45211408.
3088
Calculate the greatest common factor of 3476160 and 4500.
180
Calculate the highest common factor of 378 and 1212034887.
189
Calculate the highest common factor of 1003 and 1714264411.
1003
Calculate the highest common factor of 364216424 and 1272.
424
What is the greatest common factor of 56170 and 104960?
410
Calculate the greatest common factor of 377 and 4320797.
377
What is the highest common divisor of 35402630 and 310?
10
What is the highest common divisor of 56 and 2986718?
14
Calculate the greatest common factor of 34 and 17999974.
34
Calculate the highest common factor of 150 and 30426945.
15
Calculate the highest common factor of 178329830 and 1623.
541
What is the highest common divisor of 112 and 16489004?
28
What is the highest common factor of 3616714 and 54?
2
Calculate the highest common factor of 132895336 and 56.
56
What is the greatest common factor of 630 and 11201274?
126
What is the greatest common factor of 23134810 and 470?
470
What is the highest common divisor of 2687084 and 1504?
188
Calculate the greatest common factor of 1452218191 and 641.
641
Calculate the highest common factor of 4484547 and 27576.
3447
What is the highest common factor of 675 and 7058175?
75
What is the highest common factor of 2543265 and 1695?
15
Calculate the greatest common factor of 79425874 and 73854.
8206
What is the highest common factor of 11425 and 4239589?
457
What is the greatest common divisor of 9 and 70178355?
9
Calculate the greatest common divisor of 29904908 and 99.
11
What is the highest common divisor of 43599441 and 4182?
2091
What is the greatest common divisor of 27738 and 218909502?
1206
Calculate the greatest common factor of 22 and 31437241.
11
What is the greatest common factor of 15138200 and 140?
140
What is the highest common factor of 1966228169 and 2203?
2203
Calculate the highest common factor of 2054844 and 5544.
396
What is the highest common divisor of 3935487 and 9?
3
What is the highest common divisor of 596848850 and 6640?
830
Calculate the highest common divisor of 305750532 and 12.
12
Calculate the greatest common divisor of 603 and 1365125.
67
Calculate the greatest common divisor of 214 and 509326634.
214
What is the greatest common divisor of 24 and 57661896?
24
What is the highest common divisor of 917244 and 10430?
298
Calculate the greatest common divisor of 827 and 321703.
827
What is the greatest common divisor of 4764 and 115941468?
4764
Calculate the highest common factor of 832 and 514163.
13
What is the greatest common factor of 4938 and 106573562?
1646
What is the highest common divisor of 552095 and 5?
5
What is the greatest common factor of 87025 and 7075?
25
Calculate the highest common divisor of 10472 and 1038156.
476
Calculate the greatest common divisor of 77 and 2091101320.
77
Calculate the highest common divisor of 1482 and 2636898.
6
What is the greatest common factor of 191595384 and 2121?
303
What is the greatest common factor of 3045 and 34649925?
435
Calculate the greatest common divisor of 188347224 and 1668.
1668
Calculate the highest common factor of 1415801 and 1643.
31
Calculate the highest common divisor of 7127476 and 2314.
178
What is the highest common factor of 474824162 and 2?
2
Calculate the highest common divisor of 1700 and 182968025.
425
Calculate the greatest common factor of 1660710 and 185574.
1182
Calculate the greatest common divisor of 101 and 193421.
1
Calculate the highest common factor of 10 and 191373310.
10
What is the greatest common divisor of 36916 and 11264?
44
Calculate the highest common divisor of 22440 and 1411.
17
Calculate the greatest common factor of 488799 and 855.
9
What is the greatest common factor of 3524886 and 7254?
558
Calculate the greatest common factor of 5438 and 3226.
2
Calculate the highest common factor of 27950 and 625150.
50
What is the highest common factor of 161946 and 216?
54
What is the greatest common factor of 4376191 and 2329?
2329
Calculate the highest common divisor of 414446 and 24863.
47
What is the greatest common factor of 1439295 and 780?
195
Calculate the greatest common factor of 1250 and 666340750.
250
Calculate the greatest common divisor of 4836888 and 914.
914
Calculate the greatest common divisor of 6257712 and 1200.
48
What is the highest common factor of 3184 and 3239322?
398
Calculate the greatest common factor of 341 and 4434023.
341
What is the highest common divisor of 3024841 and 1?
1
What is the highest common factor of 23289 and 772855446?
3327
What is the highest common factor of 9592 and 186350978?
2398
Calculate the highest common factor of 178 and 12674134.
178
Calculate the greatest common divisor of 17824466 and 16456.
374
What is the highest common factor of 2249 and 1103492?
13
What is the highest common divisor of 2420033 and 2498309?
6523
What is the highest common factor of 1216 and 70034?
38
Calculate the greatest common divisor of 453080 and 760.
40
Calculate the greatest common factor of 9 and 39552328.
1
Calculate the greatest common factor of 2555728 and 6384.
2128
Calculate the highest common divisor of 2 and 1520052.
2
What is the greatest common factor of 40766 and 382602?
374
Calculate the greatest common factor of 1102120 and 12744.
472
What is the greatest common factor of 6876252 and 627?
57
What is the highest common divisor of 431950 and 109975?
1325
Calculate the highest common factor of 4073919 and 59223.
3117
Calculate the greatest common factor of 106233450 and 15.
15
What is the greatest common divisor of 2869 and 8468231?
151
What is the highest common divisor of 4970015 and 30?
5
What is the highest common divisor of 1696681 and 665?
133
What is the highest common factor of 165426183 and 195?
39
What is the highest common divisor of 157 and 143535?
1
Calculate the greatest common divisor of 1200230 and 760.
190
What is the highest common factor of 4114462 and 232?
58
Calculate the greatest common divisor of 5 and 15724295.
5
What is the highest common divisor of 116879 and 7981449?
1981
What is the highest common divisor of 115865 and 500?
5
What is the greatest common factor of 77574696 and 408?
24
What is the greatest common divisor of 44 and 4157984094?
22
Calculate the greatest common divisor of 1707968 and 28864.
64
What is the greatest common divisor of 1013140 and 724480?
5660
Calculate the greatest common factor of 97680 and 7968.
48
What is the highest common divisor of 945 and 749205?
45
What is the highest common divisor of 6085725 and 318?
159
What is the highest common divisor of 34709 and 11687829?
569
Calculate the highest common factor of 517 and 506925221.
517
What is the greatest common factor of 19027 and 843707?
53
What is the highest common divisor of 137 and 4165074?
137
What is the greatest common factor of 204 and 100316660?
68
What is the highest common divisor of 5049 and 42661377?
297
What is the highest common factor of 320 and 167410080?
160
What is the greatest common divisor of 121813335 and 2835?
945
What is the highest common factor of 624 and 57437292?
12
What is the highest common factor of 16324 and 1317547?
77
Calculate the highest common